 of 2473885?
7
What is the tens digit of 8214460?
6
What is the ten thousands digit of 4787155?
8
What is the hundreds digit of 809439?
4
What is the millions digit of 11652050?
1
What is the thousands digit of 2830351?
0
What is the hundred thousands digit of 7768600?
7
What is the thousands digit of 226762?
6
What is the units digit of 282047?
7
What is the hundreds digit of 7512729?
7
What is the ten thousands digit of 446631?
4
What is the ten thousands digit of 921961?
2
What is the thousands digit of 295626?
5
What is the millions digit of 15942564?
5
What is the units digit of 116488?
8
What is the units digit of 318?
8
What is the ten thousands digit of 153586?
5
What is the thousands digit of 37949376?
9
What is the tens digit of 2114?
1
What is the thousands digit of 126998?
6
What is the tens digit of 5960551?
5
What is the tens digit of 5117942?
4
What is the hundreds digit of 4313551?
5
What is the hundred thousands digit of 107350?
1
What is the hundreds digit of 723767?
7
What is the ten thousands digit of 41053?
4
What is the thousands digit of 9053?
9
What is the ten thousands digit of 237331?
3
What is the thousands digit of 17011766?
1
What is the thousands digit of 66891?
6
What is the units digit of 952733?
3
What is the millions digit of 2325546?
2
What is the millions digit of 2798556?
2
What is the tens digit of 201863?
6
What is the units digit of 410899?
9
What is the ten thousands digit of 10339548?
3
What is the ten thousands digit of 8087693?
8
What is the tens digit of 16821391?
9
What is the hundred thousands digit of 2835922?
8
What is the tens digit of 992203?
0
What is the hundreds digit of 335817?
8
What is the thousands digit of 437986?
7
What is the tens digit of 7822767?
6
What is the tens digit of 277123?
2
What is the hundreds digit of 147130?
1
What is the tens digit of 330806?
0
What is the thousands digit of 6733128?
3
What is the tens digit of 7986659?
5
What is the tens digit of 1517090?
9
What is the units digit of 36586?
6
What is the ten thousands digit of 1072029?
7
What is the hundred thousands digit of 1073578?
0
What is the ten thousands digit of 9274781?
7
What is the thousands digit of 8669295?
9
What is the thousands digit of 171433?
1
What is the thousands digit of 304085?
4
What is the units digit of 53150?
0
What is the millions digit of 14438914?
4
What is the thousands digit of 98173?
8
What is the hundred thousands digit of 305579?
3
What is the hundreds digit of 13149498?
4
What is the units digit of 99751?
1
What is the ten thousands digit of 176802?
7
What is the ten thousands digit of 8612048?
1
What is the ten thousands digit of 40352?
4
What is the units digit of 389278?
8
What is the units digit of 482405?
5
What is the hundreds digit of 720534?
5
What is the tens digit of 563521?
2
What is the ten thousands digit of 1991497?
9
What is the hundreds digit of 8518480?
4
What is the units digit of 3284677?
7
What is the tens digit of 845907?
0
What is the thousands digit of 2479540?
9
What is the ten thousands digit of 718775?
1
What is the ten thousands digit of 310589?
1
What is the hundreds digit of 890409?
4
What is the thousands digit of 270179?
0
What is the hundreds digit of 10657862?
8
What is the hundreds digit of 149185?
1
What is the units digit of 217196?
6
What is the units digit of 94272?
2
What is the thousands digit of 2724007?
4
What is the ten thousands digit of 3842060?
4
What is the thousands digit of 185976?
5
What is the millions digit of 1940566?
1
What is the thousands digit of 1386912?
6
What is the hundred thousands digit of 685399?
6
What is the hundred thousands digit of 961876?
9
What is the hundreds digit of 201095?
0
What is the tens digit of 412198?
9
What is the units digit of 265228?
8
What is the hundreds digit of 4464523?
5
What is the thousands digit of 11412844?
2
What is the hundred thousands digit of 983767?
9
What is the millions digit of 4483622?
4
What is the tens digit of 5117698?
9
What is the ten thousands digit of 1883229?
8
What is the thousands digit of 151920?
1
What is the ten thousands digit of 861627?
6
What is the hundreds digit of 10021512?
5
What is the units digit of 143122?
2
What is the thousands digit of 13269?
3
What is the ten thousands digit of 367569?
6
What is the hundred thousands digit of 5296517?
2
What is the hundreds digit of 5662?
6
What is the ten thousands digit of 106218?
0
What is the thousands digit of 52538?
2
What is the units digit of 751666?
6
What is the thousands digit of 343031?
3
What is the ten thousands digit of 1643842?
4
What is the hundreds digit of 265520?
5
What is the ten thousands digit of 2365890?
6
What is the tens digit of 1697463?
6
What is the millions digit of 11716735?
1
What is the ten thousands digit of 4075089?
7
What is the hundreds digit of 281625?
6
What is the hundred thousands digit of 344842?
3
What is the thousands digit of 914878?
4
What is the units digit of 3314123?
3
What is the hundreds digit of 1642070?
0
What is the hundreds digit of 167191?
1
What is the thousands digit of 4415553?
5
What is the thousands digit of 2542064?
2
What is the tens digit of 2081549?
4
What is the millions digit of 23997498?
3
What is the tens digit of 139906?
0
What is the hundred thousands digit of 6605877?
6
What is the hundreds digit of 916853?
8
What is the ten thousands digit of 350935?
5
What is the units digit of 4912282?
2
What is the ten thousands digit of 23133983?
3
What is the thousands digit of 2172958?
2
What is the hundred thousands digit of 202860?
2
What is the hundreds digit of 672361?
3
What is the hundreds digit of 8239572?
5
What is the hundred thousands digit of 3291034?
2
What is the tens digit of 205091?
9
What is the hundreds digit of 586299?
2
What is the units digit of 267206?
6
What is the tens digit of 36653?
5
What is the hundreds digit of 111914?
9
What is the thousands digit of 492485?
2
What is the thousands digit of 22293?
2
What is the hundred thousands digit of 14293997?
2
What is the hundreds digit of 563436?
4
What is the hundred thousands digit of 283159?
2
What is the hundred thousands digit of 4160167?
1
What is the thousands digit of 18870486?
0
What is the hundred thousands digit of 1967029?
9
What is the thousands digit of 1428415?
8
What is the hundred thousands digit of 368912?
3
What is the tens digit of 345188?
8
What is the units digit of 796795?
5
What is the units digit of 356802?
2
What is the millions digit of 1416085?
1
What is the tens digit of 2375029?
2
What is the ten thousands digit of 1219740?
1
What is the thousands digit of 62521?
2
What is the units digit of 1207806?
6
What is the ten thousands digit of 27456982?
5
What is the hundreds digit of 521198?
1
What is the tens digit of 75355?
5
What is the tens digit of 591294?
9
What is the ten thousands digit of 363274?
6
What is the tens digit of 118067?
6
What is the thousands digit of 94860?
4
What is the tens digit of 99648?
4
What is the tens digit of 998767?
6
What is the hundreds digit of 132095?
0
What is the hundreds digit of 286624?
6
What is the units digit of 76251?
1
What is the hundreds digit of 496980?
9
What is the ten thousands digit of 498863?
9
What is the units digit of 238226?
6
What is the hundred thousands digit of 29850232?
8
What is the hundreds digit of 419154?
1
What is the hundreds digit of 123142?
1
What is the hundreds digit of 80067?
0
What is the thousands digit of 146360?
6
What is the tens digit of 12370387?
8
What is the units digit of 274622?
2
What is the thousands digit of 2310763?
0
What is the units digit of 133635?
5
What is the tens digit of 2636363?
6
What is the tens digit of 365879?
7
What is the tens digit of 111752?
5
What is the units digit of 20335552?
2
What is the ten thousands digit of 14265187?
6
What is the units digit of 23287309?
9
What is the hundreds digit of 217445?
4
What is the tens digit of 845054?
5
What is the ten thousands digit of 3928586?
2
What is the hundreds digit of 106868?
8
What is the thousands digit of 295860?
5
What is the units digit of 727177?
7
What is the hundreds digit of 581193?
1
What is the ten thousands digit of 21822508?
2
What is the hundreds digit of 5604944?
9
What is the ten thousands d